r when 331 is divided by 16?
11
What is the remainder when 345 is divided by 87?
84
What is the remainder when 346 is divided by 24?
10
What is the remainder when 350 is divided by 9?
8
What is the remainder when 1537 is divided by 149?
47
Calculate the remainder when 106 is divided by 55.
51
What is the remainder when 442 is divided by 216?
10
Calculate the remainder when 3671 is divided by 364.
31
Calculate the remainder when 1733 is divided by 11.
6
Calculate the remainder when 95 is divided by 8.
7
Calculate the remainder when 33 is divided by 5.
3
Calculate the remainder when 2197 is divided by 19.
12
Calculate the remainder when 934 is divided by 118.
108
What is the remainder when 213 is divided by 74?
65
What is the remainder when 131 is divided by 27?
23
Calculate the remainder when 1915 is divided by 71.
69
Calculate the remainder when 405 is divided by 29.
28
What is the remainder when 81 is divided by 76?
5
What is the remainder when 118 is divided by 5?
3
What is the remainder when 495 is divided by 120?
15
Calculate the remainder when 739 is divided by 74.
73
Calculate the remainder when 72 is divided by 16.
8
Calculate the remainder when 575 is divided by 67.
39
Calculate the remainder when 64 is divided by 19.
7
Calculate the remainder when 3613 is divided by 363.
346
Calculate the remainder when 314 is divided by 153.
8
What is the remainder when 104 is divided by 16?
8
What is the remainder when 767 is divided by 64?
63
What is the remainder when 4460 is divided by 93?
89
Calculate the remainder when 11153 is divided by 23.
21
What is the remainder when 1363 is divided by 37?
31
What is the remainder when 329 is divided by 56?
49
Calculate the remainder when 336 is divided by 26.
24
What is the remainder when 986 is divided by 326?
8
Calculate the remainder when 2161 is divided by 46.
45
Calculate the remainder when 1030 is divided by 389.
252
What is the remainder when 402 is divided by 17?
11
Calculate the remainder when 427 is divided by 119.
70
Calculate the remainder when 915 is divided by 9.
6
What is the remainder when 131 is divided by 66?
65
What is the remainder when 290 is divided by 92?
14
What is the remainder when 405 is divided by 21?
6
Calculate the remainder when 1636 is divided by 1630.
6
What is the remainder when 693 is divided by 7?
0
What is the remainder when 258 is divided by 5?
3
What is the remainder when 374 is divided by 37?
4
What is the remainder when 719 is divided by 709?
10
What is the remainder when 1219 is divided by 24?
19
Calculate the remainder when 164 is divided by 21.
17
Calculate the remainder when 6190 is divided by 258.
256
What is the remainder when 1224 is divided by 103?
91
What is the remainder when 704 is divided by 171?
20
What is the remainder when 322 is divided by 83?
73
What is the remainder when 582 is divided by 53?
52
What is the remainder when 1616 is divided by 33?
32
What is the remainder when 420 is divided by 411?
9
What is the remainder when 1277 is divided by 128?
125
What is the remainder when 256 is divided by 112?
32
Calculate the remainder when 597 is divided by 162.
111
Calculate the remainder when 41 is divided by 21.
20
What is the remainder when 125 is divided by 28?
13
What is the remainder when 125 is divided by 35?
20
What is the remainder when 388 is divided by 95?
8
What is the remainder when 2210 is divided by 69?
2
Calculate the remainder when 281 is divided by 163.
118
Calculate the remainder when 10 is divided by 5.
0
What is the remainder when 205 is divided by 23?
21
Calculate the remainder when 373 is divided by 316.
57
What is the remainder when 32638 is divided by 10?
8
What is the remainder when 8093 is divided by 39?
20
Calculate the remainder when 567 is divided by 41.
34
What is the remainder when 341 is divided by 124?
93
What is the remainder when 1489 is divided by 742?
5
What is the remainder when 1041 is divided by 55?
51
What is the remainder when 2749 is divided by 197?
188
Calculate the remainder when 361 is divided by 70.
11
Calculate the remainder when 15 is divided by 4.
3
What is the remainder when 3922 is divided by 23?
12
Calculate the remainder when 76 is divided by 70.
6
Calculate the remainder when 1377 is divided by 106.
105
What is the remainder when 219 is divided by 53?
7
What is the remainder when 5402 is divided by 23?
20
What is the remainder when 977 is divided by 123?
116
Calculate the remainder when 377 is divided by 43.
33
What is the remainder when 93 is divided by 34?
25
What is the remainder when 474 is divided by 185?
104
Calculate the remainder when 150 is divided by 31.
26
What is the remainder when 169 is divided by 66?
37
Calculate the remainder when 321 is divided by 54.
51
Calculate the remainder when 1487 is divided by 48.
47
What is the remainder when 433 is divided by 44?
37
Calculate the remainder when 63 is divided by 15.
3
Calculate the remainder when 101 is divided by 23.
9
What is the remainder when 340 is divided by 115?
110
What is the remainder when 115 is divided by 18?
7
Calculate the remainder when 170 is divided by 43.
41
Calculate the remainder when 424 is divided by 39.
34
Calculate the remainder when 62 is divided by 18.
8
What is the remainder when 178 is divided by 42?
10
What is the remainder when 652 is divided by 226?
200
What is the remainder when 122 is divided by 50?
22
Calculate the remainder when 2102 is divided by 51.
11
What is the remainder when 324 is divided by 83?
75
Calculate the remainder when 207 is divided by 54.
45
Calculate the remainder when 1241 is divided by 51.
17
Calculate the remainder when 2473 is divided by 65.
3
What is the remainder when 70 is divided by 18?
16
Calculate the remainder when 2938 is divided by 10.
8
What is the remainder when 19947 is divided by 57?
54
Calculate the remainder when 338 is divided by 40.
18
What is the remainder when 136 is divided by 16?
8
Calculate the remainder when 316 is divided by 53.
51
What is the remainder when 1621 is divided by 621?
379
Calculate the remainder when 588 is divided by 27.
21
Calculate the remainder when 357 is divided by 12.
9
Calculate the remainder when 1046 is divided by 20.
6
What is the remainder when 21 is divided by 14?
7
What is the remainder when 123 is divided by 82?
41
Calculate the remainder when 131 is divided by 45.
41
What is the remainder when 813 is divided by 167?
145
What is the remainder when 51 is divided by 42?
9
What is the remainder when 199 is divided by 69?
61
Calculate the remainder when 80 is divided by 21.
17
Calculate the remainder when 171 is divided by 35.
31
What is the remainder when 427 is divided by 207?
13
Calculate the remainder when 51 is divided by 15.
6
Calculate the remainder when 4282 is divided by 159.
148
Calculate the remainder when 238 is divided by 132.
106
What is the remainder when 773 is divided by 129?
128
Calculate the remainder when 18 is divided by 12.
6
Calculate the remainder when 58 is divided by 34.
24
Calculate the remainder when 45 is divided by 19.
7
What is the remainder when 171 is divided by 103?
68
Calculate the remainder when 106 is divided by 39.
28
Calculate the remainder when 239 is divided by 123.
116
Calculate the remainder when 10164 is divided by 107.
106
Calculate the remainder when 13 is divided by 3.
1
Calculate the remainder when 301 is divided by 76.
73
What is the remainder when 1238 is divided by 241?
33
What is the remainder when 212 is divided by 18?
14
What is the remainder when 338 is divided by 120?
98
What is the remainder when 215 is divided by 113?
102
What is the remainder when 202 is divided by 52?
46
What is the remainder when 151 is divided by 76?
75
Calculate the remainder when 619 is divided by 43.
17
Calculate the remainder when 164 is divided by 49.
17
What is the remainder when 2987 is divided by 1491?
5
What is the remainder when 457 is divided by 46?
43
Calculate the remainder when 7367 is divided by 110.
107
What is the remainder when 2344 is divided by 102?
100
What is the remainder when 1487 is divided by 31?
30
What is the remainder when 158 is divided by 22?
4
Calculate the remainder when 22 is divided by 12.
10
Calculate the remainder when 23567 is divided by 24.
23
Calculate the remaind